n base 14, what is 28 - 155b965?
-155b93b
In base 10, what is 2756658 - 26?
2756632
In base 10, what is 53859 - -3567?
57426
In base 13, what is -2ba45b8b3 + 2?
-2ba45b8b1
In base 8, what is 4 - 51522323?
-51522317
In base 8, what is -21255 - 33734?
-55211
In base 6, what is -102 - 4451512?
-4452014
In base 14, what is -5283768 - 3?
-528376b
In base 7, what is 12530545 + -323?
12530222
In base 5, what is -3123011 - 102132?
-3230143
In base 2, what is -1101111 - -11110010?
10000011
In base 5, what is 3142 + -1021403?
-1013211
In base 4, what is -11022320011 - -1100?
-11022312311
In base 12, what is -1259 - -a77?
-3a2
In base 3, what is -1200221211110 + -1111?
-1200221212221
In base 5, what is -12341103 + -1344?
-12343002
In base 15, what is -8b64 - -1c?
-8b47
In base 9, what is 181140 + -77?
181052
In base 14, what is -102ab - -17bb?
-c8d0
In base 9, what is -5503 - -67503?
62000
In base 7, what is -151456 + -10230?
-162016
In base 16, what is 38b - -3371?
36fc
In base 7, what is 50 + 31423104?
31423154
In base 16, what is -41d + -1a800?
-1ac1d
In base 15, what is 106 + -2445b5?
-2444ae
In base 16, what is 4 - -1273ea7?
1273eab
In base 15, what is 9a1e9da + 4?
9a1e9de
In base 5, what is -2404400 - 41312?
-3001212
In base 3, what is -11 - -200120221222222?
200120221222211
In base 13, what is -1c56 - -3b96?
1c40
In base 4, what is -31203120021 + 20?
-31203120001
In base 16, what is -38bd1 - -64?
-38b6d
In base 15, what is -15 + -2b80d8?
-2b80ed
In base 6, what is 15334 + 2043310?
2103044
In base 8, what is 117 + -301457?
-301340
In base 3, what is 221011 + -21101022?
-20110011
In base 7, what is 4 - 14546632?
-14546625
In base 14, what is -2ab77 - -2c?
-2ab49
In base 10, what is -21648 + -1989?
-23637
In base 14, what is -9234d - -26?
-92327
In base 14, what is -1962022 + -4?
-1962026
In base 12, what is -634 + 41490?
40a58
In base 6, what is 31125554 + 4?
31130002
In base 16, what is 2a810 - f1f?
298f1
In base 3, what is 10012010101 - -21202?
10012102010
In base 6, what is -3 - 210302441?
-210302444
In base 16, what is -1ee - -1aa81?
1a893
In base 11, what is -22 - 107a5a3?
-107a615
In base 8, what is 514716 + -1533?
513163
In base 10, what is -10 - 6306783?
-6306793
In base 14, what is -630 + 19cd2?
196a2
In base 4, what is -22123001103323 - 3?
-22123001103332
In base 8, what is 23173 + -1344?
21627
In base 4, what is 10331021223132 - -11?
10331021223203
In base 7, what is 3 + 102515153?
102515156
In base 8, what is 44 - 44407015?
-44406751
In base 15, what is 13d - -aec7?
b115
In base 6, what is 100 - 1511303?
-1511203
In base 8, what is -11 - 420337?
-420350
In base 7, what is -121 - -25306554?
25306433
In base 10, what is -56013 - -3487?
-52526
In base 5, what is 224233202 - 140?
224233012
In base 11, what is -6090426 - -3?
-6090423
In base 3, what is 1112201112220010 + 1112?
1112201112221122
In base 15, what is 6b - 254b4?
-25448
In base 8, what is 240533 + 35444?
276177
In base 2, what is 1101011101000011001111100 - 101?
1101011101000011001110111
In base 4, what is -100 + 220120200021?
220120133321
In base 8, what is 415554 - 4024?
411530
In base 3, what is -110 - -2220110002101?
2220110001221
In base 14, what is 12513 - 1bc?
12335
In base 2, what is 11101001 + -100011101001111?
-100011001100110
In base 10, what is 99095 - -81?
99176
In base 16, what is -1af + -6efb4?
-6f163
In base 13, what is -7aca - 6b2?
-84ac
In base 3, what is -101112101010210 - -1011?
-101112101002122
In base 15, what is -9307 + 2a0?
-9057
In base 15, what is 6 + 9945d1?
9945d7
In base 5, what is 13 + 214014013?
214014031
In base 3, what is 202102 - 11202101200?
-11201122021
In base 14, what is -1c867 - b1?
-1c938
In base 6, what is 3 + 242125143?
242125150
In base 10, what is 38017 - -413?
38430
In base 5, what is 221 - -12233111?
12233332
In base 3, what is 120112010 + -11000222?
102111011
In base 5, what is 3 - 2203123031?
-2203123023
In base 10, what is 18 + -856055?
-856037
In base 11, what is -466493 + 6?
-466488
In base 4, what is -30121223022 - 32?
-30121223120
In base 7, what is -23443261 + -4?
-23443265
In base 9, what is -1371 + 135821?
134440
In base 16, what is -f70 + 15cd?
65d
In base 5, what is 4131402 - 2203?
4124144
In base 11, what is -4 + 2a97148a?
2a971486
In base 12, what is -1514 + 490b?
33b7
In base 15, what is -25 + -11b?
-141
In base 14, what is -310ca + -7?
-310d3
In base 4, what is -11 + 2303312113303?
2303312113232
In base 2, what is 11 - 11010000101100001100110010?
-11010000101100001100101111
In base 2, what is 1101010010101011000010010111 - 1?
1101010010101011000010010110
In base 16, what is -59f5 - -26e?
-5787
In base 7, what is 42643 - 6024?
33616
In base 13, what is -27 - 3433a0?
-3433c7
In base 4, what is -11311312 + 211322?
-11033330
In base 12, what is 365a886 - 17?
365a86b
In base 15, what is 663238 - 3d?
6631ea
In base 3, what is 11 + -12221201111212101?
-12221201111212020
In base 15, what is 26806c - -7?
268074
In base 12, what is -2 + -4245550?
-4245552
In base 3, what is -110 + 2001001122110?
2001001122000
In base 9, what is -21 + -38470078?
-38470110
In base 5, what is -14102342012 + -2?
-14102342014
In base 16, what is d10769 - -6?
d1076f
In base 11, what is -7298094 + -19?
-7298102
In base 9, what is 31 + 53872?
54013
In base 15, what is -10385b7 + 3?
-10385b4
In base 6, what is 4 + -2351532302?
-2351532254
In base 9, what is 6 + -8282557?
-8282551
In base 14, what is -864693 + -2?
-864695
In base 6, what is 130542220 + -4?
130542212
In base 2, what is 111010111001 + -111010111100000?
-110011100100111
In base 2, what is 11111101 - 100111100000011100110?
-100111011111111101001
In base 12, what is -872 + -12742?
-133b4
In base 14, what is bad3 + -473?
b660
In base 13, what is -a846ab6 + -2?
-a846ab8
In base 7, what is 21020006 + 40?
21020046
In base 3, what is -202010 + -101020001112?
-101020210122
In base 8, what is -643222673 + 5?
-643222666
In base 6, what is -31001255 - 45?
-31001344
In base 3, what is -10010022110 - 2120?
-10010102000
In base 5, what is -44 - 4103320124?
-4103320223
In base 11, what is 15602 - 2965?
12748
In base 10, what is 102375 + -686?
101689
In base 5, what is 1 + -34304132144?
-34304132143
In base 16, what is 2 - 6f9faf6?
-6f9faf4
In base 6, what is -3 + -15155304441?
-15155304444
In base 10, what is 25388947 - 1?
25388946
In base 2, what is -11 + -1111001010000110000101?
-1111001010000110001000
In base 12, what is -1747 - 128a6?
-14431
In base 12, what is 7a43298 + -2?
7a43296
In base 6, what is 1032322403 - -33?
1032322440
In base 5, what is 10412103423 - 0?
10412103423
In base 8, what is 0 + -2154466?
-2154466
In base 3, what is 2121011101 + 20?
2121011121
In base 10, what is 61129884 + 3?
61129887
In base 4, what is 211102000 - 1012?
211100322
In base 8, what is 473674751 - 0?
473674751
In base 11, what is 1767 - -2551?
4208
In base 6, what is 2411 - -1004511?
1011322
In base 9, what is -2065306 + -5?
-2065312
In base 7, what is 2663502 - 3050?
2660422
In base 5, what is 11 - -1013422131?
1013422142
In base 6, what is 0 + -2353554435?
-2353554435
In base 7, what is 110312220 - 4?
110312213
In base 5, what is 1110124 - -311202?
1421331
In base 5, what is -1233134 + 231120?
-1002014
In base 6, what is 1301521 - -213?
1302134
In base 2, what is -1010110110011 + 110010?
-1010110000001
In base 3, what is -2200120120 - 10011020?
-2210201210
In base 10, what is 416 - -406337?
406753
In base 14, what is 121 + -34196?
-34075
In base 15, what is -3 + 12d6ae8?
12d6ae5
In base 8, what is -10072 + 16637?
6545
In base 16, what is -1d4867b - -1?
-1d4867a
In base 10, what is 16779633 - -8?
16779641
In base 15, what is -16 + -1403c?
-14053
In base 9, what is 264042023 + 5?
264042028
In base 11, what is -125982a5 - 4?
-125982a9
In base 16, what is 4 + 7a1eb4?
7a1eb8
In base 14, what is -17c03 - -29?
-17bb8
In base 16, what is 31 - -b83e3?
b8414
In base 15, what is -13 - -330ddab?
330dd98
In base 9, what is -1072 + 181611?
180528
In base 14, what is -a39bd - -87?
-a3936
In base 4, what is -212 - 131032302?
-131033120
In base 5, what is 13042123 - 332?
13041241
In base 8, what is -21254370 + -23?
-21254413
In base 3, what is -11 - 202022100112?
-202022100200
In base 8, what is -3 - 32033076?
-32033101
In base